19*l**3 - 8*l**2 - 798*l + 3223. Give d(4).
-1313
Let r(y) = -18*y**3 - 808*y**2 + 86*y - 517. Calculate r(-45).
-337
Let a(g) = 577*g**2 + 4149*g - 12469. Calculate a(3).
5171
Let n(c) = c**3 + 11*c**2 - 1919*c - 26270. Calculate n(-14).
8
Let w(p) = -2725*p - 49018. Give w(-18).
32
Let i(a) = -336786*a + 7072509. Give i(21).
3
Let m(g) = -194054*g + 776204. Calculate m(4).
-12
Let u(g) = 4683*g - 135432. Calculate u(29).
375
Let z(r) = r**3 - 57*r**2 + 452*r - 7468. What is z(51)?
-22
Let z(s) = 2318*s + 117273. What is z(-52)?
-3263
Let x(a) = 10204*a**2 - 193877*a + 27. Determine x(19).
8
Let j(h) = 15*h**3 - 438*h**2 - 842*h + 135. Determine j(31).
-20
Let i(m) = -2*m**3 - 27*m**2 + 670*m + 8461. What is i(-12)?
-11
Let i(u) = 159*u**2 + 12821*u + 8104. Calculate i(-80).
24
Let d(c) = 12761*c - 982595. What is d(77)?
2
Let t(p) = p**2 - 559*p + 45181. Calculate t(98).
3
Let q(h) = 2*h**2 - 2141*h - 320148. Calculate q(-133).
-17
Let o(u) = -17*u**2 - 448*u - 2489. What is o(-6)?
-413
Let u(b) = 2*b**3 + 22*b**2 + 22*b - 235. Give u(-7).
3
Let l(b) = 41*b**2 + 1750*b - 75. Calculate l(-43).
484
Let u(j) = 27*j**2 + 238*j + 271. Give u(-6).
-185
Let x(a) = -371*a + 27873. Give x(70).
1903
Let v(p) = 4600*p - 36766. Calculate v(8).
34
Let y(a) = -39*a**3 - 426*a**2 - 24*a + 1. What is y(-11)?
628
Let k(m) = -374*m**2 - 4477*m - 100. Determine k(-12).
-232
Let r(f) = 32*f**3 - 359*f**2 + 996*f - 3. Calculate r(5).
2
Let d(o) = o**2 - 10777*o + 215138. Give d(20).
-2
Let v(s) = -2*s**3 + 49*s**2 + 3426*s + 2. Determine v(-31).
467
Let l(m) = 2*m**2 + 5*m - 202. Calculate l(-12).
26
Let x(h) = h**3 + 1370*h**2 - 1398*h - 37030. What is x(-1371)?
-13
Let x(q) = -16*q**2 - 64*q + 101. Determine x(2).
-91
Let o(v) = -24*v**2 - 907*v + 2129. Determine o(-43).
-3246
Let z(t) = -264*t**2 - 1328*t - 2659. What is z(-2)?
-1059
Let s(m) = -4*m - 42. Determine s(-81).
282
Let o(k) = 2*k**3 + 26*k**2 - 51404*k - 668264. Determine o(-13).
-12
Let r(x) = 3*x**3 - 26*x**2 - 238*x + 587. Give r(2).
31
Let x(l) = -3902*l + 351167. What is x(90)?
-13
Let o(g) = g**3 + 39*g**2 - 1015*g - 38324. Determine o(-41).
-71
Let i(a) = a**2 - 4799*a + 524954. What is i(112)?
10
Let j(f) = -f**2 + 621*f - 83287. Calculate j(425).
13
Let x(z) = 3*z**3 + 12*z**2 - 3271*z - 13195. Give x(-33).
5
Let v(i) = -13*i**3 - 205*i**2 - 52*i - 15. Calculate v(-12).
-6447
Let k(a) = 35*a**2 + 792*a - 797. Give k(1).
30
Let u(s) = 147*s**2 - 14297*s + 3740. Calculate u(97).
54
Let c(s) = -180578*s - 26003241. What is c(-144)?
-9
Let x(y) = 5*y**2 + 25*y - 623. Give x(-19).
707
Let a(l) = 6536*l - 13084. Determine a(2).
-12
Let o(m) = -m**3 - 46*m**2 - 120*m - 1449. Give o(-44).
-41
Let p(u) = 2*u**2 + 127*u - 1672. Calculate p(11).
-33
Let l(d) = -11636*d + 23265. Calculate l(2).
-7
Let g(j) = 2343867*j + 9375471. Calculate g(-4).
3
Let v(u) = 10615*u + 159171. Determine v(-15).
-54
Let p(h) = h**2 + 100*h - 3880. Give p(30).
20
Let a(t) = t**3 - 111*t**2 - 1995*t - 23162. Calculate a(128).
6
Let v(t) = 2*t**2 - 118*t + 1209. Give v(30).
-531
Let a(h) = 3650*h - 248205. What is a(68)?
-5
Let i(y) = -y**2 - 266*y - 1390. Give i(-261).
-85
Let z(w) = 4*w**3 + 9*w**2 - 10*w + 43. Determine z(-6).
-437
Let k(o) = -o**3 + 692*o**2 + 8437*o - 131. Determine k(-12).
1
Let o(l) = l**2 - 68*l + 1147. Calculate o(33).
-8
Let d(z) = -z**2 + 438*z - 12993. Determine d(32).
-1
Let k(u) = -57696*u**2 + 1557795*u - 24. Determine k(27).
57
Let d(u) = u**3 + 381*u**2 + 25991*u + 461. Determine d(-89).
194
Let w(m) = -m**3 + 56*m**2 - 50*m - 296. Give w(54).
2836
Let u(r) = 2690*r - 75342. Determine u(28).
-22
Let f(m) = 98*m - 39002. Give f(399).
100
Let t(f) = -2*f**2 + 442*f + 9081. Calculate t(-19).
-39
Let k(p) = -1228*p - 133786. Calculate k(-109).
66
Let n(j) = 2*j**3 + 356*j**2 + 6340*j + 3168. Determine n(-158).
8
Let h(r) = -r**2 - 21*r - 324. Determine h(-36).
-864
Let h(j) = -9*j**2 - 16527*j + 379245. Give h(-1859).
9
Let q(i) = 22334*i - 223267. Calculate q(10).
73
Let l(q) = -665*q + 49212. Determine l(74).
2
Let z(a) = -a**3 + 51*a**2 - 61*a + 560. Give z(50).
10
Let r(p) = -p**2 + 30*p + 3186. Calculate r(-47).
-433
Let r(j) = -2171*j - 946608. Give r(-436).
-52
Let m(j) = 8*j**2 - 108*j + 132. Calculate m(0).
132
Let a(t) = 230*t - 8229. Give a(38).
511
Let k(f) = f**3 - 37*f**2 - 290*f + 8270. Calculate k(39).
2
Let k(d) = -17120*d - 188424. Determine k(-11).
-104
Let o(w) = 2*w**2 + 1639*w + 14595. What is o(-9)?
6
Let a(n) = -635*n - 1917. Determine a(-3).
-12
Let m(l) = -98*l**2 + 1126*l - 1859. Give m(2).
1
Let t(d) = 365850*d + 1097474. Determine t(-3).
-76
Let q(o) = -16*o**2 + 1307*o + 470. Give q(79).
3867
Let g(s) = -2*s**2 + 407*s - 20518. Determine g(92).
-2
Let y(h) = 46*h**2 - 11816*h + 10246. Calculate y(256).
6
Let h(q) = q**3 - 116*q**2 + 362*q - 2595. Determine h(113).
4
Let k(l) = 5*l**2 + 142*l - 733. What is k(-33)?
26
Let s(l) = -l**3 - 240*l**2 - 3995*l + 24. Determine s(-18).
6
Let l(x) = x**3 - 234*x**2 - 2928*x - 5904. Give l(246).
0
Let r(b) = 36*b**2 - 106*b - 19. Give r(6).
641
Let x(b) = -6*b**2 + 2241*b - 26790. Calculate x(12).
-762
Let v(u) = -7*u**3 - 3*u**2 + 327*u + 2021. Give v(-7).
1986
Let v(f) = 111*f**3 - 1316*f**2 - 191*f - 1. Give v(12).
11
Let q(d) = -d**3 - 18*d**2 + 1003*d - 205. Determine q(-42).
5
Let p(z) = -5*z**3 + 249*z**2 - 844*z - 1436. What is p(46)?
-56
Let n(r) = 64*r**3 - 7*r**2 - 51*r + 148. What is n(3)?
1660
Let w(i) = 66*i**2 + 25586*i - 8642. Give w(-388).
-106
Let c(v) = v**3 + 616*v**2 + 5460*v - 1811. Determine c(-607).
10
Let l(s) = 26602*s - 3963721. Calculate l(149).
-23
Let v(s) = 8*s**3 - 16*s**2 - 72*s + 13. Give v(-3).
-131
Let k(z) = 1074*z + 242710. What is k(-226)?
-14
Let o(w) = -w**2 + 645*w - 12398. What is o(20)?
102
Let f(r) = -6*r**3 + 26*r**2 + 1286*r + 159. Give f(17).
57
Let s(a) = a**3 + 65*a**2 - 305*a + 48. Calculate s(4).
-68
Let c(k) = -k**3 + 135*k**2 - 2203*k - 51199. Calculate c(111).
-28
Let x(i) = 12557*i + 138232. Determine x(-11).
105
Let n(s) = -3*s**3 + 80*s**2 + 22*s + 128. Give n(27).
-7
Let z(l) = -l**3 - 2*l**2 + 21*l - 1105. Calculate z(0).
-1105
Let v(x) = -187*x - 2512. What is v(-14)?
106
Let r(s) = -10*s**2 + 338*s - 2032. Calculate r(26).
-4
Let z(o) = o**3 + 10*o**2 - 154*o - 236. Determine z(-11).
1337
Let g(j) = -56*j**2 + 1995*j - 2729. Give g(34).
365
Let w(i) = -i**3 + 367*i**2 + 5340*i + 2257. Calculate w(381).
4543
Let f(v) = -39*v**2 - 83*v + 687. Determine f(7).
-1805
Let l(k) = -k**3 - 7*k**2 + 216*k + 1807. Calculate l(-13).
13
Let o(z) = -2*z**3 - 67*z**2 - 757*z + 57. Give o(-10).
2927
Let s(a) = -14*a**2 + 7894*a + 356244. What is s(-42)?
0
Let i(q) = -23892*q - 286637. Give i(-12).
67
Let b(v) = -5*v**3 + 641*v**2 - 3596*v + 443898. Determine b(128).
-6
Let n(k) = 434*k + 49268. Give n(-113).
226
Let q(y) = -5*y**3 + 375*y**2 - 1081*y + 88. What is q(72)?
16
Let f(n) = -942*n + 160670. Calculate f(172).
-1354
Let w(d) = -2*d**2 - 69*d - 800. Give w(-14).
-226
Let k(b) = 5*b**2 - 142*b - 330. Give k(-4).
318
Let q(c) = -3017*c**2 + 18086*c + 109. What is q(6)?
13
Let l(k) = 2*k**3 - 42*k**2 + 282*k - 608. Calculate l(10).
12
Let w(u) = -23016*u - 57. Give w(0).
-57
Let r(a) = -7*a**3 - 50*a**2 - 15*a + 208. Determine r(-6).
10
Let j(n) = n**3 + 21*n**2 + 6*n + 474. Calculate j(0).
474
Let s(r) = -24*r**3 - 18*r**2 - 51*r - 36. What is s(-2)?
186
Let m(j) = -663*j + 334823. What is m(505)?
8
Let f(n) = -2*n**3 - 102*n**2 - 4416*n - 215805. Determine f(-50).
-5
Let r(a) = 2*a**3 - 807*a**2 - 4496*a - 230. Calculate r(409).
997
Let l(j) = -120268*j - 240543. Give l(-2).
-7
Let s(k) = -81163*k + 2597210. Give s(32).
-6
Let c(i) = 2127*i - 138283. What is c(65)?
-28
Let z(d) = -d**2 - 408569*d + 2860021. What is z(7)?
-11
Let d(u) = 79265*u + 316919. Give d(-4).
-141
Let b(k) = -106*k - 3445. What is b(-28)?
-477
Let g(c) = 17*c**2 - 788*c + 7372. Give g(9).
1657
Let d(q) = -6022*q + 481755. Determine d(80).
-5
Let j(g) = -2*g**3 + 190*g**2 - 916*g + 27. Determine j(5).
-53
Let i(w) = 8*w**3 + 217*w**2 + 251*w + 42. Determine i(-26).
-400
Let g(v) = -179557*v + 5027589. Determine g(28).
-7
Let n(b) = b**3 - 2951*b**2 - 23698*b - 212. Calculate n(-8).
-4
Let h(a) =